- 11. Let f be u(-7). Let b = f - 710. Let l be ((-9)/(-18))/(1/b). What is the highest common divisor of l and 31?
31
Suppose 0 = 5*l + 25, -3*l + 169 = -4*t - 8*l. Let a be (-36)/(-15)*(-960)/t. Calculate the greatest common factor of 32 and a.
32
Suppose 4*j + 2340 = 4*k, 2*k - 308 - 859 = 3*j. What is the greatest common factor of 12 and k?
12
Let x(m) be the first derivative of -2*m**3/3 - 7*m**2 + 8*m + 36. Let l = 10 - 17. Let s be x(l). Calculate the greatest common divisor of 28 and s.
4
Suppose -18 = -2*m + 66*z - 59*z, -m + 24 = 4*z. What is the greatest common factor of 8 and m?
8
Let b = -4 + 76. Suppose -5*f = -10*p + 6*p - 368, -2*p = f - 68. Suppose 33*n - f = 25*n. What is the greatest common factor of b and n?
9
Let f = -25827 - -30169. What is the greatest common factor of f and 3340?
334
Let o(b) = -2*b + 20. Let v be o(5). Suppose 2*z + 552 = 5*r, 0 = 720*r - 724*r - 2*z + 438. What is the greatest common factor of v and r?
10
Let f(z) = z**3 + 59*z**2 - 833*z + 116. Let p be f(-70). What is the greatest common factor of 279 and p?
31
Let i(r) = -41*r + 87. Let o be i(3). Let a be 6/((o/42)/(-2)). What is the highest common divisor of 322 and a?
14
Suppose 0 = -5*s + 9535 - 2965. Calculate the greatest common divisor of s and 18.
18
Let u be 132/42 - ((-8)/14)/(-4). Suppose -4*j - u*n = -95, 10*n = 15*n - 5. Calculate the highest common divisor of j and 299.
23
Let i(u) = u**2 - 3*u - 97. Let f be i(-16). Suppose -v + 1203 = 3*p, -p - 4*v + 205 = -f. Calculate the greatest common factor of p and 25.
25
Let u = 9325 + -5160. Calculate the greatest common factor of u and 170.
85
Let k be 15 - (6/4)/((-180)/600). Calculate the greatest common divisor of k and 590.
10
Let p be (-6 - (-115)/20) + 36585/20. What is the greatest common factor of p and 826?
59
Let r = 4201 + -4169. Calculate the highest common factor of 15 and r.
1
Let f(z) = 1773*z + 7194. Let q be f(-4). Calculate the greatest common divisor of q and 918.
102
Suppose 4*c - 4*i = 1312, 5*i = -0*c - c + 328. Let j be (-8)/(-14)*315/30. Let s be (609/j + 1)*(-4)/(-10). What is the greatest common divisor of c and s?
41
Let h be ((-20)/8)/(-3 + (-20)/(-8)). Suppose 5*y = -5*b + 880, -h*b + 7*y + 880 = 3*y. What is the greatest common divisor of b and 22?
22
Let t = -25738 - -25986. What is the greatest common divisor of t and 341?
31
Let u be (-42)/(-4)*(-2)/3. Let p(a) = -a**3 - 5*a**2 + 8*a - 9. Let z be p(u). Let d = 2378 + -2356. What is the highest common divisor of z and d?
11
Suppose -2*j + 15 = -3*j. Let r be (-20)/(-6)*(-792)/j. Calculate the highest common divisor of 16 and r.
16
Let j(x) = -2*x**2 + 85*x - 303. Let v be j(37). Let q = 92 - 79. Calculate the greatest common factor of v and q.
13
Let f = -41502 - -41507. What is the greatest common factor of 218 and f?
1
Let l(a) = a**2 - 1. Let n be l(5). Suppose -128*c + 124*c = 3*o - 124, 4*o - 100 = 4*c. Calculate the highest common divisor of o and n.
8
Suppose -5*k = -5*n - 50, k + 4*n = 1 - 16. Suppose -k*b = 14*j - 13*j - 725, 0 = -3*j + 4*b + 2194. What is the greatest common divisor of 10 and j?
10
Let j be 35*(-60)/(-125)*130. Calculate the highest common factor of j and 117.
39
Let b(y) = 35*y - 1909. Let z be b(91). What is the greatest common divisor of z and 232?
116
Let t(k) = -17*k - 429. Let y be t(-63). Calculate the greatest common factor of y and 12.
6
Let l be (2/3)/(2/165). Let a be l*(-4 - 32/(-5)). Suppose i + 0*i - a = 0. Calculate the greatest common divisor of 12 and i.
12
Let h(y) = 27*y**2 - 2270*y + 255. Let d be h(84). What is the highest common divisor of 11397 and d?
87
Let c be (-1)/(1/(-20)) - (-45 - (-4018)/82). Let j = 2 + -2. Suppose -3*g + l - 2 + 46 = j, 5*l = -2*g + 52. What is the greatest common divisor of g and c?
16
Suppose c + 432 = 4*a, 2*c = 5*a - 6*a + 108. Suppose a*i = 113*i - 105. Calculate the highest common factor of 651 and i.
21
Let r(y) = 66*y**3 + 8*y**2 + 471*y - 977. Let f be r(2). Let d be (-43)/(-2) - 2/4. What is the greatest common factor of f and d?
21
Let g be 4/(-12) - (-2073)/9. Suppose a + 5*n = -a + 150, -3*a - 5*n = -g. Let x = -387 + 419. What is the highest common factor of a and x?
16
Suppose 111*f - 107*f + 3*c = 52305, -5*c + 26149 = 2*f. Calculate the greatest common factor of 9 and f.
9
Let g be 62*(2/(-11) - (-17010)/308*3). What is the highest common factor of g and 31?
31
Let s = -20583 + 20615. Calculate the greatest common divisor of 144 and s.
16
Suppose a + z = 1609 + 1722, 0 = 2*a + z - 6661. What is the highest common factor of a and 270?
90
Suppose -10*x + 14 + 26 = 0. Suppose -z + x*z - 15 = 0, -3*f + z = -1225. What is the highest common factor of f and 20?
10
Let i(w) = 2*w**2 - 5*w + 17. Let l be i(-7). Suppose -l*n = -152*n + 182. Calculate the greatest common divisor of 13 and n.
13
Let v be ((-5)/3)/((1/30)/((-152)/95)). What is the highest common factor of v and 1080?
40
Suppose -12*d - 15 = -39. Suppose 2*w = -4*j + 182, 0*w - 2*w = -d. Let q = 20 + -11. What is the highest common factor of q and j?
9
Let o(v) = -2*v**3 + 82*v**2 + 31*v - 23. Let g be o(41). What is the greatest common divisor of 234 and g?
78
Let m = -19153 + 19208. Calculate the greatest common divisor of m and 2915.
55
Suppose -3*t - 4*w + 70 + 122 = 0, 0 = -4*t - w + 269. Suppose 5*k = -3*v + 92, -k - 640 = 3*v - 740. Calculate the greatest common divisor of t and v.
34
Suppose -l + 0*f + 2 = -f, -5*l - f = 2. Suppose -2*d - q + 47 = l, q - 1 + 136 = 5*d. Calculate the greatest common factor of d and 52.
26
Let t(q) = -q**2 + 7*q + 29. Let c be t(5). Suppose 0 = 2*l - 3*n - 214, -2*l = -5*l + 2*n + 316. What is the highest common divisor of l and c?
13
Let s(v) = -3*v + 76. Let x be s(18). Let o be (-798)/(-11) - 12/x. What is the highest common factor of 9 and o?
9
Let g(a) = -39*a + 56. Let t = 56 - 63. Let x be g(t). What is the highest common divisor of 94 and x?
47
Let c(x) = -x**2 - 19*x - 32. Let v be c(-17). Let p be -5 - ((-265)/2 - 0)*v. What is the highest common divisor of 156 and p?
52
Suppose 0 = 48*j - 78345 + 25545. Calculate the greatest common divisor of j and 250.
50
Let t(v) = -34*v. Let i be t(-1). Suppose 0 = 2*x + 5*c - 305, 4*x + 5*c - 334 - 261 = 0. Let j = 162 - x. Calculate the greatest common divisor of j and i.
17
Suppose 59 = -16*n + 20*n + 3*s, 5*n - 65 = 5*s. Calculate the greatest common factor of 189 and n.
7
Let m = 88707 + -88559. Suppose 4*i = 8 + 8. What is the greatest common factor of i and m?
4
Suppose 53*f + 23824 = 275256. Calculate the greatest common factor of f and 8.
8
Suppose 35 = q + 73. Let g = q - -182. Calculate the highest common divisor of 16 and g.
16
Suppose 9*c - 4*i + 64 = 5*c, -3*c - i = 48. Let f = c - -31. Let n be 14/5*1*f - 2. What is the highest common factor of 40 and n?
40
Let g = 83 - 48. Suppose 6*y - 3 = 5*y. Suppose 4*f - 1 = -y*c - 0*f, 3*c - 4*f = 41. Calculate the highest common divisor of g and c.
7
Let m be 3*4/(-24)*60. Let i = -24 - m. What is the highest common factor of i and 48?
6
Suppose 4 = -0*c + c. Suppose c*r = 2*y + 2*y - 8, 0 = 4*y + 4*r. Let v(z) = -z**2 + 6. Let q be v(2). What is the greatest common divisor of y and q?
1
Let c = 8488 + -7713. What is the highest common divisor of 124 and c?
31
Let o be 0 + -1 + 3 + 28/(-7). Let k = -14 - o. Let p be (-38)/(-1) + k + 14. Calculate the highest common divisor of p and 10.
10
Suppose -3*s + 28*s - 774 - 2376 = 0. Let b = 2520 - 1701. Calculate the highest common factor of s and b.
63
Suppose 45 = 2*p + 11. Let b = -35 - -42. Let o(l) = l**2 - l - 8. Let d be o(b). Calculate the greatest common divisor of d and p.
17
Let g = 210 + -120. Let i(p) = -p**2 - 80*p - 952. Let w be i(-16). What is the greatest common divisor of w and g?
18
Let d = 3927 - 3062. What is the highest common divisor of 5 and d?
5
Let f be (-15)/75 - 181/(-5). Suppose z = 3*h + 22, 0 = -4*z + h - 2*h + f. Calculate the highest common divisor of z and 70.
10
Let d be 645/(-15)*((-24)/14 - (-50)/(-175)). Calculate the highest common factor of d and 5504.
86
Suppose 11*l + 6675 = 16*l - k, l = -2*k + 1324. Calculate the greatest common divisor of 322 and l.
46
Let h(i) = 5*i - 123. Let a be h(25). Let w be (a/(-2))/((-2)/102). What i